the units digit of c?
1
Let p = -718 + 325. Let j = p + 554. What is the units digit of j?
1
Suppose -67*a + 93340 = -39454. What is the tens digit of a?
8
Let x(s) = 20*s**2 - 22*s + 75. Let f be x(17). Suppose 3*c = -6*c + f. What is the hundreds digit of c?
6
Suppose 1046*y - 1032*y = 4606. What is the hundreds digit of y?
3
Let u(h) = -2*h + 52. Suppose 6*k + 82 = 3*m + k, -2*k = -4*m + 100. Let q be u(m). Suppose 5*d - 1534 = -2*g - 366, d - 238 = q*g. What is the tens digit of d?
3
Suppose -16359 = -65*k + 51*k + 104587. What is the thousands digit of k?
8
What is the ten thousands digit of (7/(-84)*4)/((-321573)/160785 - -2)?
1
Let l(d) = d**2 - 13*d - 28. Let u be l(15). Suppose -6*m + 8736 = u*m. What is the thousands digit of m?
1
Let r(w) = 64*w + 6091. What is the units digit of r(-55)?
1
Let t(g) = 2*g - 8. Let k be t(5). Suppose 5*p = 3*r + 1335, r = -2*p - k*r + 555. What is the hundreds digit of p?
2
Let l be (38/8)/(15/(-12) - -1). Let a be l/(-2 + (-9)/(-6)). What is the hundreds digit of 505/4 - (a/(-8) - -5)?
1
Suppose -4*j = -9*j - 65. Let t be (0/1)/3 - j. Suppose -33 = -u + t. What is the units digit of u?
6
What is the thousands digit of 8740 + (12 - 16 - 2)?
8
Let u = 8484 + -3294. What is the units digit of u?
0
What is the tens digit of -3 + 112970/105 - 6/(-63)?
7
Let u(w) = 13*w**2 + 5*w - 502. What is the ten thousands digit of u(-33)?
1
Let j = -15411 - -44534. What is the ten thousands digit of j?
2
Let a(h) = -h**3 + 6*h**2 - 20. Let r be a(5). Suppose 4*g - 151 = -r*d + 336, 0 = 2*g - 5*d - 221. What is the hundreds digit of g?
1
Suppose -2*n + 5*u = -15224, 4*u - 3*u + 38083 = 5*n. What is the tens digit of n?
1
Let f(u) = u**2 - 21*u + 33. Let b be f(20). Let n(a) = -3*a + 43. Let l be n(b). Suppose -12 = -4*z, o - z + l*z = 148. What is the units digit of o?
9
Let b(d) = -101*d**3 - d**2 + 13*d + 2. Let w(t) = 50*t**3 - 6*t - 1. Let p(z) = -2*b(z) - 5*w(z). What is the hundreds digit of p(-2)?
3
Suppose 9*m - 18081 = 4*m + 2*t, -3*t + 3606 = m. Suppose 7*j + m = 11175. What is the units digit of j?
0
Suppose -3*r - 3278 = -5*r + r. What is the units digit of r?
8
Suppose 5*c - 1166 = -4*p, 2*c + 3*p = 2*p + 467. Let n = 377 + c. What is the tens digit of n?
1
Let i be 2 + 592 + (0 - 2). Suppose c - o = 3*o + 129, 3*o = -4*c + i. Suppose 71 = 2*m - c. What is the units digit of m?
8
Suppose 12 = -3*z, -3*i = -i - 4*z + 1540. Let l = i - -1564. What is the hundreds digit of l?
7
Let q(x) = 11*x - 17. Let z be -40*(-39)/52*(-2)/(-3). What is the hundreds digit of q(z)?
2
Let g(j) = -8*j - 1. Let x be g(12). Let p = x + 54. Let q = 84 + p. What is the tens digit of q?
4
Let d be 3/(-9) + 271/3. Suppose 9*y - 3120 = -3498. Let k = y + d. What is the tens digit of k?
4
Suppose -b = -3*b - 4. Let d = -17 + b. Let r = 30 + d. What is the units digit of r?
1
Suppose -6*v + 3*v + 134 = -m, -3*v = 4*m - 154. What is the hundreds digit of (17503/v)/(1/4*2)?
7
Let i(r) = 9*r - 4. Let h be i(1). Let j(y) = -41 + 200 - 4*y + 2*y - h*y. What is the tens digit of j(0)?
5
Let p = 153 - 148. Suppose p*a + 0*a - 3*s = 1710, -2*a - 3*s + 705 = 0. What is the units digit of a?
5
Let h(z) = -57*z**3 - 3*z**2 - 38*z - 6. What is the ten thousands digit of h(-10)?
5
Suppose 0 = 3*q + 3*x - 24, 3*x - 7 = q - x. Suppose -q*t + 2*d - 294 = 317, -3*t + 3*d = 363. Let c = t + 210. What is the units digit of c?
7
Let w(c) = 111*c + 90*c**2 + 95*c**2 - 261*c**2 + 89*c**2 - 15. What is the hundreds digit of w(-15)?
2
Suppose -b - 4*l + 4728 = -529, 0 = 5*b + 5*l - 26225. Suppose -b = -18*j + 6513. What is the units digit of j?
3
Suppose 10*n - 5*n - 4*o = 27999, -3*n - 3*o = -16821. What is the units digit of n?
3
Let x = -80646 + 113800. What is the hundreds digit of x?
1
Let q be 0 + 2/2 + 3 - -515. Suppose 5*t - 5*v - 1310 = 0, 2*t + 0*v + 3*v - q = 0. What is the hundreds digit of t?
2
Suppose 0 = -5*g + 4*n + 48727, g - 6680 = n + 3066. Suppose 40*h = 8577 + g. What is the tens digit of h?
5
Let z(w) = 52*w + 2. Let k(s) = -s**3 - s**2 + 3*s + 12. Let q be k(-2). Let a be z(q). Suppose -2*f - a = -5*p - f, 0 = f - 3. What is the tens digit of p?
0
Let p = 17 - 11. Suppose 621 = 4*d - 3*g, -3*g = -p*d + d + 774. Suppose z - d = -1. What is the hundreds digit of z?
1
Let x be 2 - 2 - (0 - 0). Suppose x*z + z - 19 = -w, -5*w - 4*z = -91. Suppose -w*t - 864 = -19*t. What is the tens digit of t?
1
Suppose 4*d + 56147 = 5*q, 2*q - 83*d + 79*d = 22454. What is the hundreds digit of q?
2
Let w = -129 - -83. Let y = w + 48. Suppose -x - y*u - 52 = -3*x, 5*x - 144 = -2*u. What is the units digit of x?
8
Let k(x) be the third derivative of -x**5/60 + x**4/12 + 5*x**3/6 + 30*x**2. Let g be k(3). What is the tens digit of 63/g - (-2)/(-4)?
3
Suppose -3*f + 8*f = 25. Suppose -2*m - 746 = -5*m + 2*t, 1238 = f*m + 2*t. What is the tens digit of (m/12)/(1/3)?
6
Let g = -108 - -108. Suppose g = 176*o - 171*o - 1430. What is the tens digit of o?
8
Let u = -4600 - -7667. What is the thousands digit of u?
3
What is the ten thousands digit of (-24218)/2*9/(-9)?
1
Suppose -3959844 = -20*d - 36*d - 85*d. What is the hundreds digit of d?
0
Let m(o) = -2580*o**3 - 3*o - 2. What is the units digit of m(-1)?
1
Let r(d) be the third derivative of 125*d**4/12 + 8*d**3/3 - 116*d**2. What is the tens digit of r(1)?
6
Suppose 14*c = 13*c - 2*h + 7018, 0 = -4*c + 3*h + 28039. What is the units digit of c?
2
Suppose 0 = 40*v - 39*v + 3. What is the units digit of (-39)/(-26)*(-28)/v?
4
Suppose 0 = -2*x + 14 + 22. What is the tens digit of (-16)/36 + 1376/x?
7
Let q(o) = -1058*o + 8. Let f be q(-5). Suppose 4*w + i + i = f, w + 3*i - 1317 = 0. Suppose -14*u + 8*u + w = 0. What is the hundreds digit of u?
2
Suppose 0 = 5*g - 13*g - 24. What is the hundreds digit of 238/((-56)/24 - g)?
3
Let l be 8/20*(-12 + -38). Let n(k) = -22*k - 6. What is the units digit of n(l)?
4
What is the hundreds digit of -521*(-3 - (-2 - 2)/(-2))?
6
Let m = -1199 - -27276. What is the hundreds digit of m?
0
Let o = 28773 + 11511. What is the units digit of o?
4
Let p(x) = x**2 - 14*x + 6. Let f be p(14). Suppose -4*i = -f*i + 8. Suppose -i*h + 41 = g, -4*h + 1 = -4*g - 15. What is the units digit of h?
9
Let w(y) = -y - 2. Let o be w(-4). Let g(l) = 4 + o*l + 11 - 4 - 12*l. What is the units digit of g(-4)?
1
Let a be (-2)/(-4) + 11*(-2)/(-4). Let r(p) = 10*p**2 - 8. Let q be r(a). Suppose 2*w = -2*w + q. What is the tens digit of w?
8
Let p be (-72)/40 + 4/(-20). What is the units digit of (-599 + (-4)/4)*2/p?
0
Let l be 6*25/30 + (-5)/1. Suppose l = 3*g - 15*g + 1020. What is the units digit of g?
5
Let r(s) = -s**3 - 63*s**2 - 1184*s + 121. What is the hundreds digit of r(-46)?
6
Suppose 139*m - 6471855 = 36*m - 262294. What is the ten thousands digit of m?
6
Let r = -78 + 120. Let g = 58 - r. Suppose 2*o - 3*i = 32 + g, 5*i - 118 = -4*o. What is the units digit of o?
7
Let i = -8367 - -17195. What is the thousands digit of i?
8
What is the hundreds digit of (23*-37)/(38/(-152))?
4
Suppose -114 = 18*d + 48. Let k be -1*(d/1 - 2). Suppose k*a = 12*a - 234. What is the hundreds digit of a?
2
Let r be 1065/30*1/(2/(-4)). Let z = 76 + r. Suppose 2*h + 143 = 5*o - 4*o, 250 = 2*o + z*h. What is the units digit of o?
5
Let u = 39839 - 27032. What is the units digit of u?
7
Let w = 6738 - 2113. What is the tens digit of w?
2
Suppose 4*f - 4*l = -f + 23, -5*l - 16 = -2*f. Suppose -6*o + 1176 = -o + 3*b, -b - 714 = -f*o. What is the tens digit of ((-22)/(-33))/(2/o)?
7
Let s be ((-59)/(-1) - -3)/(2*1). Let c = s + -26. Suppose -c*p + 126 = -434. What is the hundreds digit of p?
1
Let y = -96 - -133. Suppose -y*v + 17016 = -13*v. What is the hundreds digit of v?
7
Let a(u) = 1346*u**2 - 63*u - 131. What is the tens digit of a(-2)?
7
What is the hundreds digit of 954*2*(-4)/8*(-41 - -13)?
7
Let z(g) = g**2 - 5*g + 2. Let p = 76 + -71. Let m be z(p). Suppose -52 = -m*o - 16. What is the units digit of o?
8
Let p(i) = -3*i - 21. Let w be p(-7). Suppose -3*q = -j, 4*j + q = -w*q. Suppose j = -4*x + 2*x + 102. What is the tens digit of x?
5
Let d be ((-2)/(-4))/(4/(-16)). Let x = 72 + 9. What is the tens digit of x + d - (-40)/(-10)?
7
Let m(p) = -p**3 - 8*p**2 + 8*p - 3. Let a be m(-8). Suppose 11*n 